e?
True
Let u be (2 + -3 + -2)*2. Is (28/(-10))/(u/15) a composite number?
False
Suppose 0*j + 16 = -4*j. Let g(s) = -8*s + 5. Is g(j) prime?
True
Suppose 0 = -4*n + 4*o, -o - 2 = 5*n - 14. Let p be (0 - 41)/(n/(-4)). Let k = -45 + p. Is k prime?
True
Suppose -10663 = 12*i - 30691. Is i a prime number?
True
Suppose s + 0*s - 5 = x, 4*s = 3*x + 16. Is 1*(3 - -76*s) composite?
False
Let s = 6 - 6. Let o be (s + -1)/(1/(-178)). Suppose -c - l + 37 = -50, 0 = 2*c + 4*l - o. Is c composite?
True
Let g be 10/3 - 1/3. Let z be (13/g)/(3/27). Suppose -3*n = -108 - z. Is n prime?
False
Suppose 0 = -3*g + 4 + 5. Suppose k = 5*n - 15 - 38, g*k = n - 5. Is n prime?
True
Let r be (-6)/33 + 1311/11. Suppose r = 4*j - 29. Is j composite?
False
Suppose -5*o = o - 186. Is o prime?
True
Suppose -2*y = -6 + 14. Is (y/(-12))/(1/201) a prime number?
True
Let g = -225 - -149. Is 1/(-1)*(g - 3) a prime number?
True
Suppose 0 = 3*d - 2*d. Let y = 2 + d. Suppose 2*u = b - 37, 2*b - 153 = -y*b + 3*u. Is b a prime number?
False
Let m = -590 + 1107. Is m a composite number?
True
Is ((-1854)/27)/((-4)/6) a prime number?
True
Let z = -6 + 97. Let l = -40 + z. Let m = l - -92. Is m a prime number?
False
Suppose 4*t - 2*g = -3*g - 332, -3*t - 249 = 4*g. Let o = t - -214. Is o a prime number?
True
Let i be 1/(-1) + 1 + 9. Suppose -x - 2*x = -9. Suppose 0 = 4*p - x*o - o - 1928, 3*o - i = 0. Is p prime?
False
Suppose m - 2*h + 6*h + 21 = 0, -5*m - h - 48 = 0. Let z = 5 - m. Is z a composite number?
True
Let u be -4 + 2*(-4 - -3). Let o(h) = h + 10 - 2 + 2*h**2 + 0*h. Is o(u) a composite number?
True
Let g = 299 + 8. Is g a composite number?
False
Let g(h) = 2*h**2 - 8*h - 1. Is g(-5) a prime number?
True
Suppose 2*r + 3*r = -60. Let l(u) = -3*u - 13. Is l(r) a prime number?
True
Let q(p) be the second derivative of p**3/6 + 15*p**2/2 + p. Is q(0) a prime number?
False
Let s(z) = z**2 + z + 5939. Is s(0) prime?
True
Suppose 5*l + 40 = -3*m - 78, -4*l = -2*m + 112. Let c(d) = -12*d**2 - 3. Let g be c(-3). Let o = l - g. Is o a prime number?
False
Let m = 13 + -27. Is (-6)/m + (-1694)/(-49) prime?
False
Suppose 3 = -b + 9. Is (b/(-5))/((-10)/175) prime?
False
Let s = -11 - -17. Suppose z + 425 = s*z. Is z composite?
True
Suppose 5*d - 225 = 160. Is d composite?
True
Let f(x) = x**3 - 6*x**2 - 4*x - 7. Suppose 2*o + 95 = -3*o. Let t = -12 - o. Is f(t) a prime number?
False
Is (-32)/(-14) + -2 + 9405/35 a composite number?
False
Is 6/4*(-188)/(-3) composite?
True
Is ((-1)/(-2))/((-5)/(6065*-2)) a composite number?
False
Is (-1399)/(-11) - 16/88 prime?
True
Let i be (3/6 + 0)*-14. Let z = 13 - i. Suppose -z - 18 = -2*f. Is f a composite number?
False
Let h = 0 + 1. Is -1*(-36 + h + -2) composite?
False
Is ((-2)/(-4))/(0 - (-5)/43970) a composite number?
False
Let o = -74 - -127. Is o a composite number?
False
Is 76 - (-1 - -13)/(-4) prime?
True
Suppose 129 = 4*z + 3*o - 4*o, 2*z - 5*o = 51. Is z prime?
False
Suppose -5*h = -4*h - n - 499, 0 = -4*h - 3*n + 2017. Is h prime?
False
Is 541 - ((-12)/(-4) + -3) a composite number?
False
Let f be ((-4)/6)/(1/(-9)). Suppose -5*u = -29 - f. Is u a composite number?
False
Let l(d) = -d - 2. Let v be l(-6). Let h be (2 - 2)*(1 - 0). Suppose 2*c - v*c + 66 = h. Is c prime?
False
Suppose 3*n + 0 = 9. Suppose -n*t = -148 - 137. Suppose -2*l - 33 = -t. Is l composite?
False
Let p(j) be the third derivative of -j**5/60 - 7*j**4/12 - 5*j**3/3 - j**2. Let b = -16 + 9. Is p(b) composite?
True
Suppose -15 = 2*v - 5*v. Suppose 0 = 2*b, -v*l - 7*b = -4*b. Suppose 0 = -3*h - 3, -3*p - 2*h + 7 = -l*p. Is p a prime number?
True
Let g = -583 - -2742. Is g prime?
False
Let n be ((-2)/(-6))/((-1)/(-3)). Let u be (-5)/(n + 2*-1). Suppose 0*d = u*d + v - 53, 2*d + 3*v = 29. Is d a composite number?
True
Suppose -4*l + 25 = -h + 4*h, -4*l - 2*h = -22. Suppose -i + f = -l*f - 61, -i + 63 = -4*f. Is i prime?
True
Let q = -8 - -13. Suppose -5*c = -c - 16, 3420 = q*j - 5*c. Is j/20 - 6/(-10) prime?
False
Let n = -54 + 87. Let w = n - 22. Is w a composite number?
False
Is -2*(-2)/(-4)*-377 a composite number?
True
Let i(t) = -t**3 - 6*t**2 - 7*t - 7. Let l be i(-5). Let k(o) = -2*o**3 - 5*o**2 + 2 - 1 + 4*o + 4*o**3. Is k(l) composite?
True
Is -3 - (4/(-10))/(6/5070) composite?
True
Suppose -d = 2*a - 974, 3*a - 781 = -4*d + 670. Suppose 0 = -5*k + 3296 + a. Is k composite?
False
Suppose 4*x - 9*x - 2*u = 15, 2*x - 2*u - 8 = 0. Is (-1062)/2*x/3 composite?
True
Suppose 0 = -0*m - m + 4, 8 = -3*l + 5*m. Suppose 7 = -l*s + 143. Is s a prime number?
False
Suppose 5*l = 141 + 334. Is l composite?
True
Let k = 73 - 34. Suppose 3*s = -y - 37, 4*y = 3*y - 2*s - k. Let h = 10 - y. Is h prime?
True
Let k = 23 - -98. Is k prime?
False
Suppose 34*g - 29*g - 3425 = 0. Is g composite?
True
Let p(b) = 6*b**2 - 6*b - 5. Is p(-3) a prime number?
True
Suppose 0 = -i + 274 + 114. Is (-6 - -2)*i/(-16) a composite number?
False
Let b = 10 + -5. Let u be (-88)/(-16)*(3 + -1). Suppose -4*x + 259 = 5*q, b*x = -4*q + 211 - u. Is q prime?
False
Let n(s) = 274*s + 6. Let o be n(13). Is ((-3)/(-12))/(4/o) a prime number?
True
Let h(x) = -3 - 2 + 3*x - 1. Let u be h(5). Is 3*(-6)/u + 36 prime?
False
Let r(t) = -3 - 5 + 3*t**2 + 2 + 7*t + 1. Is r(-8) a composite number?
False
Suppose 0 = -t - 3*t + 156. Is t a composite number?
True
Suppose -u + 0*u = v - 59, 2*v + 4*u = 118. Is v a prime number?
True
Let l = -232 + 443. Is l composite?
False
Let l(v) be the second derivative of v**4/6 + v**3/2 - 2*v**2 + 2*v. Let q(w) = w. Let h be q(-5). Is l(h) a prime number?
True
Let m = -1 - -4. Suppose 0 = -m*t + 32 - 11. Is t prime?
True
Suppose -20 = -17*j + 12*j. Suppose 0*t + 4*t = -3*f + 1336, 2*t - 646 = j*f. Is t a prime number?
True
Suppose y = -2, 4*k + 4*y + 4947 = 12831. Is k a prime number?
True
Suppose -4*b - 14 = -a - 2, 3*a - 15 = 5*b. Suppose 2*w = c - 12 - a, -19 = -2*c + 3*w. Suppose 3*j = c*r - 41, j + 5 = 4*r - 52. Is r a composite number?
False
Let v be 157/((-1)/(-1)) - -2. Suppose 0 = w - g - v, 2*w - 4*g = g + 324. Is w composite?
False
Let y be 2/9 + 4/(-18). Suppose -5*a + y*a + 10 = 0. Is (0 + a)*53/2 prime?
True
Let r(o) = o**2 + 6*o + 2. Suppose 4*y + 17 = -3. Let a be r(y). Let t(z) = -4*z - 2. Is t(a) prime?
False
Let s(m) = -3*m + 2*m**3 + 4*m**2 - 3*m + 1 - m**3. Let u be s(-5). Is (-34)/(-6) - (-2)/u a composite number?
True
Suppose -3*q + 1913 + 617 = 4*k, -k = 3*q - 637. Is k prime?
True
Let j = -981 - -1948. Is j a composite number?
False
Is (1 + (-1271)/(-2))*2 composite?
True
Let m(z) = 171*z**2 - z. Let s be m(-1). Suppose -s = 2*p - 6*p. Is p prime?
True
Let m be 3*-2 - (-2 + 1). Let n be 5/(m/2)*-1. Suppose 3*w - l - 390 = 0, -2*w + 0*l + 256 = -n*l. Is w a composite number?
False
Let g be 1 - (1 - 2) - 55. Let y = g + 17. Let p = 59 + y. Is p a composite number?
False
Let k be 0 + -1 - 12/3. Let g(n) = 2*n**2 - 4*n - 1. Is g(k) composite?
True
Let r(i) = 4*i - i**2 - 3*i - 4*i. Let a be r(-2). Let b(y) = 8*y - 1. Is b(a) a composite number?
True
Suppose -2*o + 0*o = -14. Suppose -1 = 3*b + 2. Let v = o + b. Is v a composite number?
True
Suppose 7*m - 8 = 3*m. Suppose -c - m*c = 390. Let g = c + 185. Is g a prime number?
False
Let o(m) = 6 + m**2 - 5*m - 3 - m. Is o(8) a prime number?
True
Let i = -23 + 14. Let x be (-4)/(-18) - (-155)/i. Let g = x + 40. Is g a composite number?
False
Let o be ((-210)/(-20))/((-6)/(-32)). Suppose 2*n - 98 = -n - b, -162 = -5*n - 3*b. Let v = o - n. Is v a composite number?
False
Suppose 0 = -9*y + 4*y - 35. Let n(d) = -2*d + 12. Is n(y) prime?
False
Let g be (-1416)/(-9) + 4/6. Suppose 0 = 4*j - 2*j - g. Is j prime?
True
Suppose 5*f = 2*j - j + 4, 3*f = j + 4. Let t = f + 373. Is t composite?
False
Suppose 4*z - 2*z - 316 = 0. Is z prime?
False
Let f(p) = 121*p**2 + p + 1. Is f(1) a composite number?
True
Let y(f) = 2*f**3 + 7*f**2 - 3*f + 7. Is y(6) prime?
True
Suppose -5*m + 536 = 4*g, 3*m + 2*m = 20. Suppose 13 + g = 2*n. Is n composite?
False
Suppose -4*c - 5*d + 8202 = 0, 1 - 11 = 5*d. Is c composite?
False
Is 1*-2 + 36378/18 a composite number?
True
Let n be (0 - 1)*(-4 - -3). Suppose -4*w = 3*c + 14, -1 = -c + 4*w + 5. Is n/(-2)*12/c a composite number?
False
Let h = 26 - 11. Suppose 268 = x + h. Is x a composite number?